ulate r(6).
-2
Let i be (12 + -12 + 1)*4*1. Let o(w) = 7*w**3 + w**2 - 10*w**2 - i*w**3 - 14 + 8*w - 4*w**3. Determine o(-10).
6
Let k(t) = -7*t. Let r = 44 - 45. Let m be 4 + r - 3*2/3. Let o(s) = s. Let x(n) = m*k(n) + 6*o(n). Give x(-5).
5
Let d(y) be the third derivative of 0*y + 1/24*y**4 + 0 + 0*y**3 + 45*y**2. What is d(-4)?
-4
Suppose -50*q + 12 = -46*q. Suppose 16 = -4*u, -f + 5*u = q*u - 5. Let m(w) be the third derivative of w**5/60 + w**4/8 - 2*w**3/3 - 4*w**2. Determine m(f).
-4
Let r(n) = 6. Let p(g) be the third derivative of g**4/8 + 31*g**3/6 - 160*g**2. Let o(y) = -2*p(y) + 11*r(y). Determine o(3).
-14
Let i(t) = -t**3 - 3*t**2 - t + 1. Let g be 0*(-1 - 2*4/(-16)). Suppose -3*x - x + 8 = g. Suppose -5*r - 17 = v, 5*v = 5*r + 3 + x. What is i(r)?
4
Suppose -7*t + 6*t + 74 = 0. Let r = 79 - t. Suppose -r*n = -2*i + 23, 0*n + 4*i = 3*n + 11. Let m(o) = o**2 + 6*o + 7. Calculate m(n).
2
Suppose -56 = -6*g + 3*g + 5*h, -g = -4*h - 35. Let r(p) = -p**2 + 11*p - 10. What is r(g)?
18
Suppose -165 = -10*n - 5*n. Let x(i) be the second derivative of i**3/6 - 9*i**2/2 + 2*i + 5. What is x(n)?
2
Let x(i) = 5*i**2 - 123*i - 53. Let a = 3154 - 3129. Determine x(a).
-3
Let s(j) = -j + 2. Let a(q) = q - 1. Let f(n) = -6*a(n) - 3*s(n). Let r be (-6)/16*(30 - 38). Calculate f(r).
-9
Let n(u) = u**3 - 29*u**2 + 55*u - 25. Let a be n(27). Let z(p) = -2092*p + 4*p**a - 2 + 2092*p. Give z(-2).
14
Let f(h) be the first derivative of h**3/2 - 2*h**2 + 2*h + 1. Let z(a) be the first derivative of f(a). Suppose 919*o - 1383 = 1096 + 1197. What is z(o)?
8
Let w(p) = -p - 2. Let q be ((-15)/(-2))/(16/1056). Suppose 13*b = 2*b - q. Let c = b + 40. Determine w(c).
3
Let h be (-155)/465*-17*6. Let t(j) = 10*j - 336. What is t(h)?
4
Let v be 16 - (19 - 3 - 6). Let b(f) = -2*f**2 + 6*f - 5. Give b(v).
-41
Suppose 72 = -8*d - d. Let x(h) = 43*h - 1. Let t(j) = -51*j + 1. Let n(z) = -5*t(z) - 6*x(z). Determine n(d).
25
Let n be 8*55/(-88) + 5/(-1). Let x be (0 - -2) + -1 - -1. Let m(v) = -v**2 + v**3 + 7*v**x + 2 - 1 + 4*v**2. Calculate m(n).
1
Let u be (14/(-4) - -5) + (-3375)/(-6). Let b = 556 - u. Let n(q) = -10*q - 4*q**2 - 1 - 8 + q**3 - 3 + 11*q**2. Give n(b).
4
Suppose -6*q - 14 = -8*q. Suppose -4*b + 2*c - 4 = 2, 2*b + c = q. Suppose -4*u = -w + 3, 4*u + 3*w + b = -6. Let s(n) = 12*n**3 - n**2 - 2*n - 1. Give s(u).
-12
Let u(k) = 7*k**3 - 490018 + 490002 - 8*k**3 - 2*k**2 + 32*k. Calculate u(-7).
5
Let j(u) = 13*u - 8. Suppose 14 = -2*h + 3*d + 4, -4*d - 5 = h. What is j(h)?
-73
Let o(i) = -i**3 - 5*i**2 + 14. Suppose 0 = -4*z + 421 - 441. Determine o(z).
14
Let y(z) be the third derivative of -17*z**4/12 - 10*z**3 + 1818*z**2. What is y(-2)?
8
Let n(g) be the first derivative of -g**4/4 - 7*g**3/3 - 4*g**2 - 14*g - 4489. Calculate n(-5).
-24
Let n = -450 + 450. Let g(j) = 7*j**2 - 70. Let f(b) = -4*b**2 + 35. Let v(x) = -5*f(x) - 3*g(x). Calculate v(n).
35
Suppose 5*m - 27 = -k, -23*k + 2*m = -22*k + 29. Let r(q) = -q**3 - 9*q**2 + 54*q + 30. Determine r(k).
4
Suppose -277 + 205 = 18*b. Let p(r) = -7*r + 8. Calculate p(b).
36
Suppose 47*h - 4*d + 4 = 42*h, 3*h + 20 = -2*d. Let i(o) = 7*o**2 + 7*o + 6. Let x(w) = 5*w**2 + 6*w + 5. Let y(n) = 3*i(n) - 4*x(n). Calculate y(h).
26
Let a(p) = 2*p - 79. Let i be a(37). Let x(d) = -42*d**3 - 14*d**2 + 13*d - 10. Let g(m) = -28*m**3 - 10*m**2 + 9*m - 7. Let n(h) = i*x(h) + 7*g(h). Give n(1).
13
Let i be 4668/204 + 2/17. Suppose w = 2*c - 2*w - i, 3*c = -w + 29. Let f(o) = -o**3 + 10*o**2 + 9. Determine f(c).
9
Let m(r) = r**3 - 15*r**2 + 29*r - 8. Let d = 29508 + -29495. Determine m(d).
31
Let t be -20 + 40 - (1 + 0 + -2). Let j(d) = d - 17. Let y be j(t). Let v(s) = -y*s**2 - 34 - s - s + 38 + 5*s**2. Calculate v(5).
19
Let c(s) = 21*s**2 + 25*s - 3. Let q be c(-1). Let m(v) = 2*v**3 + 12*v**2 - 14*v + 8. Calculate m(q).
8
Suppose -7*i - 13878 = -13710. Let u(w) = -w**3 - 23*w**2 + 22*w - 49. Give u(i).
-1
Let y(t) = -t**2 - 58*t + 183. Let i be y(-61). Let p(r) = -r**2 - 22*r - 12. Calculate p(i).
-12
Let y(d) = -2*d**2 - 18*d - 19. Let m be (-4)/70 + 47871/(-6895). Give y(m).
9
Let q(m) = 5*m + 7. Let j(t) = -2*t**2 - 44*t + 637. Let g be j(-32). Determine q(g).
-8
Let c(b) = -1 - 5*b - 4 + 7*b - 1. Suppose -3*h - 6*a + 4 = -2*a, -5*a = -2*h - 5. Suppose 0 = g - 3*l + 1, h = -2*g + 3*l + 6 - 2. Calculate c(g).
4
Let z(w) = 41*w + 36*w + 2 - 80*w. Let f be z(-2). Let j(a) = -3 - 4 + 7*a**3 + f. Determine j(-1).
-6
Let l(s) = -17 + 27*s**3 + 11*s**2 + 2 + 22*s**3 - 50*s**3. Give l(11).
-15
Let v(f) = -6 + 8*f**2 - 7*f**2 + 19*f + 34*f - 49*f - 2*f. Let a be (-5 + -1)/(1 + 0). Calculate v(a).
18
Suppose 2*s - 15 = -9. Let j(o) = 6*o + 0*o + s - 8*o - 4. Calculate j(-1).
1
Let z(h) = -h + 11. Let r(q) = -8*q**2 - 42*q - 7. Let u be r(-5). Suppose 0 = -c + 3*c - u*m - 30, -2*c = -2*m - 26. What is z(c)?
2
Let i(y) = y**3 - 8*y**2 - 9*y - 11. Let m be 0/(-3) + 432/48. Calculate i(m).
-11
Suppose -9 + 48 = 3*g. Let x(y) = -1 + 360*y - 1064*y + y**2 + 347*y + 344*y. Determine x(g).
-1
Let k(u) = -25*u - 19. Let j(v) = -74*v - 37. Let t(h) = 6*j(h) - 17*k(h). Calculate t(5).
6
Let l(n) = -5*n**2 + 1. Suppose -15 + 6 = -a. Let i = 1686 + -1678. Suppose -a*m = -i*m - 1. Give l(m).
-4
Let l(m) = -219*m**2 + 7*m - 7. Let f(o) = 69*o**2 - 2*o + 2. Let z(a) = -7*f(a) - 2*l(a). Determine z(1).
-45
Let l(t) = -2*t - 8. Let m(r) = -r - 3. Let y(j) = -4*j + 57. Let z be y(17). Let v(s) = z*m(s) + 4*l(s). Let n(c) = 3*c + 3. Let k be n(-2). What is v(k)?
-8
Let s(i) = -31*i**2 + 5*i - 17. Let u(x) = 11*x**2 - 2*x + 6. Let d(t) = 6*t + 60. Let w be d(-9). Let h(b) = w*s(b) + 17*u(b). Give h(5).
5
Let d(l) = 5*l + 22*l**2 + 8*l**2 + 3 - 31*l**2. Give d(-3).
-21
Let f(b) = -13*b - 44. Let m be f(-7). Let v = m - 43. Let n(x) = -v*x - 3 + 8 - 4 - 2*x. Give n(-2).
13
Suppose -2*m - 2 = o, 0 = 4*o + 2*m + 2 - 0. Suppose -s = -o*s - 2. Let g(t) = 6*t + 3*t**2 + 6 - 3*t**s - 14*t + t**2. Calculate g(7).
-1
Let q(h) = 2*h**3 - 5*h**2 + 10*h - 12. Let o(r) = -r**2 - 90*r - 654. Let x be o(-8). Give q(x).
4
Let s(f) = 2*f - 48. Suppose 0 = h + 4*c + 3, c + 3 = 3*h - 53. Give s(h).
-14
Let m be -16 + 39/9*3. Let k(s) = -4 - 3 - 44*s**2 + s + 24*s**2 - s**3 + 17*s**2. Give k(m).
-10
Let u = -7471 + 7473. Let j(p) be the first derivative of -17 - 1/2*p**u + 5*p. Determine j(0).
5
Suppose 0 = 5*z - 34*z. Let v(a) be the second derivative of z + 7*a - a**3 + 4*a**2 - 1/12*a**4. Give v(-7).
1
Let k(z) = -17 - z**2 - 3*z**2 - 17 + 19 + 2*z**2 + 8*z. Calculate k(7).
-57
Let d be 10 - (9 - (5 + -6)). Let u(c) = 14*c - 6. What is u(d)?
-6
Suppose -2*x + 13 = 3*a, 3*x + 2*a - 18 = -a. Let m(q) = -2*q - 3*q**2 - 157*q**3 - 5*q + x*q + 156*q**3 - 2*q. Calculate m(-3).
12
Let t = -2699 - -2703. Let g(c) = c + 4. Give g(t).
8
Let a(z) = 10 - 9*z**2 - 617*z + 354*z - 2 - z**3 + 273*z. Let o = 12 + -28. Let r = o - -6. Calculate a(r).
8
Let h(z) = -2*z**2 + z + 2. Suppose 12*g + 62*g = -23*g. Give h(g).
2
Let h(p) = -p**2 - 58*p - 88. Let b(u) = -5*u**2 - 307*u - 443. Let k(r) = 2*b(r) - 11*h(r). Determine k(-19).
-13
Let p = 129 - 126. Let c be p/(3/7) - -1. Let r be c - ((-8)/(-1) - 5). Let u(f) = -f**3 + 4*f**2 + 4*f - 2. Give u(r).
-7
Let h(s) = s**3 - 5*s**2 + 4*s + 5. Let n be h(4). Let o(f) = -103*f - f**2 + 0*f**2 - 1 - 105*f - 112*f + 327*f. Calculate o(n).
9
Let h(c) = c**2 - 7*c. Let m be (1 - 14/(-4))*66/(-99). Let t be (115 - -1)*(m + 4) - 2. Let s = -105 + t. Give h(s).
18
Let w(a) be the first derivative of -14*a - 4*a**2 + 1/3*a**3 + 2. Let l be (-10537)/(-1066) + (-93)/(-806). What is w(l)?
6
Let h(q) = -46 - 5*q + 57 + 17 + 4. What is h(16)?
-48
Let x(r) = 3*r + 55. Let o be x(-18). Let u(b) = 9*b**2 - 12*b + 9. Let t be u(o). Let g(d) = -5*d + 27. What is g(t)?
-3
Let t(w) = 9*w**3 - 15*w**2 + 5*w - 3. Let d(f) = -14*f**3 + 23*f**2 - 7*f + 4. Let l(v) = 5*d(v) + 8*t(v). Give l(4).
64
Suppose 3*g - 3*w - 33 = 0, 0 = 5*g - 0*g - w - 51. Suppose d = 3*r - 29, -13*d - 6 = -g*d. Let t(q) = -2*q - 13. Calculate t(r).
-31
Let l(a) be the second derivative of -a**4/12 + 9*a**3/2 - 10*a**2 + 202*a. What is l(26)?
6
Suppose 143 = -4*b + 3*w - 158, 3*b = -w - 216. Let r = b + 78. Let a(u) = -4*u - 2. Let z(i) = -i + 1. Let g(f) = a(f) - 5*z(